2)/2 a composite number?
True
Suppose 178*n = 156*n + 1331198. Is n a composite number?
False
Suppose -878*l = -879*l + 1541. Is l a composite number?
True
Let t be ((-376956)/528 + (-2)/(-11))*-4. Suppose 3*l - 2*n = -0*l + t, -4*l + 4*n = -3800. Is l prime?
False
Let l(c) = -3565*c + 111. Is l(-10) prime?
False
Let t = -840 - -228. Let w be ((-2)/(-4))/((-3)/(-6234)). Let n = t + w. Is n composite?
True
Let z = 102 + -379. Let j = -166 - z. Is j composite?
True
Suppose 9 = o + 2*o. Let b(g) = -g**3 + 13*g**2 - 14*g + 3. Let m be b(11). Suppose -m = -v - 4*n, o*v + n - 324 = 6*n. Is v a prime number?
True
Let v(l) = 2*l + 616. Let q be v(0). Let k = 1589 - q. Is k a composite number?
True
Suppose -3*a - 215351 = -5*d + 103944, d + a = 63859. Is d composite?
True
Is 39669/3 + 36/6 prime?
True
Let h = 25 + -20. Suppose h*y - 1685 = -0*y. Is y composite?
False
Suppose -51*b + 49*b - 4*f = -17402, -2*b = -4*f - 17418. Is b composite?
True
Let i(l) = l**2 - 22*l - 43. Let o be i(24). Suppose -o*k = -12389 - 1926. Is k a composite number?
True
Is -4 + 18113 + 14 + -8 composite?
True
Let h(z) = 5*z - 29. Let y be h(9). Suppose -64 - y = -8*w. Is w prime?
False
Suppose q - 159 = -48. Let a(n) = 8*n**2 + 3*n + 2. Let x be a(-3). Let g = q - x. Is g composite?
True
Suppose 23*v + 136900 = 450827. Is v composite?
False
Let d = -9373 - -49832. Is d a prime number?
True
Suppose 5*z + 0*z = 25. Suppose -z*n + 1129 = -5676. Is n a prime number?
True
Let q(l) = -2*l**3 - 38*l**2 - 13*l + 82. Is q(-25) prime?
True
Let k = -8285 - -14092. Is k a prime number?
True
Let l(t) = -29*t**3 - 11*t**2 - 5*t + 59. Is l(-8) prime?
True
Let j = 4187 + -2271. Suppose 3*k = 7*k - j. Is k a composite number?
False
Is 4/(-18) + 996562/126 composite?
True
Is (-1)/(-1)*(46054 - (11 - -4)) a prime number?
False
Let s(t) = -t**3 + 20*t**2 - 11*t + 194. Is s(19) a composite number?
True
Let q be (0 - 3)/((-6)/(-68)). Suppose 25 = 5*x, 0*x = -3*s - x + 218. Let o = s + q. Is o prime?
True
Let m(y) = y**3 - 13*y**2 - 15*y + 22. Let c be m(14). Suppose c*a = 3*a + 1945. Is a a prime number?
True
Suppose -5*j - 2 = -17. Suppose 32 = 4*y - 4*c + 4, 4*y - j*c = 25. Suppose 9*h - y*h = 485. Is h composite?
False
Suppose 142*d - 143*d + 8263 = 0. Is d a prime number?
True
Let o(k) = 34*k**3 - 5*k**2 - 3*k + 6. Let c be o(5). Let x = c - 2143. Is x prime?
True
Suppose -2*d = 2*x - 93372, 2*x - 105609 = -5*d - 12240. Is x composite?
False
Suppose -5*q = 1 - 101. Let x be 42/9 + (-2)/(-6). Suppose -3*b = 2*b + x*s - q, -2*s = -2*b + 4. Is b prime?
True
Let m = 202 - -30. Suppose 12*q = 8*q + m. Is q prime?
False
Let d(m) = 530*m - 8 - 3 + 24*m + 6. Is d(3) a prime number?
True
Is (1563604/(-112))/(2/(-24)*3) prime?
True
Suppose -843 - 913 = -b. Let d = 3555 - b. Is d a prime number?
False
Let x(s) = s**2 - 16*s - 32. Let v be x(17). Let i be 10/v - 5668/12. Let a = i - -846. Is a composite?
False
Suppose -2*p + 4*h = h - 22, 0 = -4*p + h + 24. Let u(a) = 3*a**3 - 4*a**2 - 7*a - 17. Is u(p) a composite number?
False
Is (-3)/(108/(-50283)) + (-1)/(-4) a composite number?
True
Let c(q) = 2 + 14 + 65*q + 51 + 1. Is c(25) a composite number?
False
Suppose -2*v + 20 = -2*r + v, 4*r - 2*v + 48 = 0. Is -16 - r - (-25 - 0) a composite number?
True
Let d(c) = 11051*c - 226. Is d(9) prime?
True
Let j(i) = 4815*i - 1090. Is j(25) prime?
False
Suppose -4*o + l + 2 = 3, -3*l = -3. Suppose -s + 133 + 2249 = o. Suppose y = -5*y + s. Is y prime?
True
Let t(m) = m**2 + 25*m + 16. Is t(21) a composite number?
True
Let q(u) be the third derivative of -5*u**4/6 + u**3/2 - 6*u**2. Is q(-7) a prime number?
False
Suppose 0 = 2*k - 3*t - 8221, t = -0*k + k - 4108. Is k a composite number?
True
Suppose 33 + 21 = -3*g. Is 242/(-1)*9/g prime?
False
Let u be 7*((-11)/(-7) + -1). Suppose -u*c = -3*c - 18. Is 88/6 - 12/c a prime number?
False
Suppose -4*k = -9*k. Suppose k = -2*h - 2*l + 1784, l - 976 - 2601 = -4*h. Is h composite?
True
Suppose 35253 + 113670 = 9*m. Is m composite?
False
Let p = -8 + 5. Suppose 0 = -5*q + 2*q - 63. Is (-37)/(p/q*-1) a composite number?
True
Is (-59 + 0)*(-5 + -96) a prime number?
False
Let t be 92/(-20) + 9/15. Let w = 67 + -23. Is (-1629)/t - 11/w a composite number?
True
Suppose -49356 - 16656 = -12*o. Is o a prime number?
True
Let o(x) = -542*x + 185. Is o(-16) composite?
True
Let z(r) = -43*r + 37. Is z(-8) composite?
True
Let i(d) = d**3 - 4*d**2. Let g be i(4). Suppose -2*n + 5*q - 2*q + 1149 = g, 2296 = 4*n - 4*q. Is n a composite number?
True
Suppose 24*x + 82295 - 558623 = 0. Is x prime?
False
Suppose 0*j + 3*j = -36. Let z = j + 175. Is z a composite number?
False
Suppose 10625 = 11*x + 604. Is x composite?
False
Let v be (-14 - 2)*(-5)/2. Suppose -5*b = -v - 175. Is b a prime number?
True
Let b = -7 - -7. Let w be 0 - (-2 + 3 + b). Is -2*3365/10*w prime?
True
Let b(t) = 10*t**3 - 2*t + 1. Let s be b(1). Suppose 0 = -s*w + 5*w + 5380. Is w prime?
False
Let f(h) = -13*h**2 - 9*h + 45. Let g be f(12). Let y be 212/(-7) - (-2)/7. Is ((-2)/(-3))/(y/g) a composite number?
False
Let v = -1722 - -2457. Suppose 0 = -f + 2, -4*f = 5*b + 242 - v. Is b prime?
True
Let g(y) = -268*y + 19. Is g(-15) a composite number?
True
Let w be ((-132)/10)/(-5 + (-182)/(-35)). Is w/(-42) + -1 - (-9691)/7 prime?
False
Suppose 0 = -v - 0*v - 85. Let m = v + 377. Is 2/4 - m/(-8) a composite number?
False
Let j(a) = -a**2 - 14*a + 2. Let v be j(-14). Suppose -i = -2*o + 1333, -5*o + v*i = i - 3334. Is o a composite number?
True
Suppose 4*m + 12 = -2*n, -m + 3*m + 14 = -3*n. Is (m*9564/18)/((-4)/42) a composite number?
True
Suppose 0 = 30*j - 32*j - 8. Is j - (-1)/(3/(-8076)*-4) a composite number?
True
Let s be (-4)/(-8)*-4 + 5827. Let r = s - 1338. Is r prime?
False
Suppose 10594 - 47163 = -13*t. Is t composite?
True
Let m = -168 - 51. Let u = 598 + m. Is u composite?
False
Let t = -86 + -1573. Let h = 3058 + t. Is h a prime number?
True
Let f(p) = p**3 + 2*p**2 - 3*p + 1. Let v = 3 + -6. Let a be f(v). Is (-1242)/(-21) - a/7 composite?
False
Let k(t) = 194*t**2 + 4*t + 1. Is k(5) composite?
False
Let p(w) = 11*w**2 + 4. Let s = 6 + -9. Let k be p(s). Suppose -2*d = 3*t - k, 4*d + 102 + 55 = 5*t. Is t prime?
False
Let s = 8 + -3. Suppose 2*l - 1646 = -l + s*t, 2790 = 5*l + t. Is l composite?
False
Suppose 5*p = 3*p. Suppose p*z = z + 2. Is -139*1/z*2 a prime number?
True
Is (-5)/(15/(-12)) + 2158 + -1 a prime number?
True
Let h = -274 + 395. Let r be (16*-1)/((-2)/2). Suppose 3*t = h - r. Is t prime?
False
Let g be 52/13 + (-1 - -77). Suppose g = 4*x - 0*x. Is (446/10)/(4/x) a composite number?
False
Let a be (5 - (-64)/(-12))/(4/(-48)). Suppose 4 - 16 = 4*t + 4*i, 5*t - i + 9 = 0. Is (t/a)/((-5)/2090) a prime number?
False
Is 25257*((-11)/3 + 4) a prime number?
True
Let i = -35289 + 87910. Is i a prime number?
False
Suppose -18 - 6 = -3*f + 2*y, -2*y = 6. Suppose 0 = -f*a + 7267 - 775. Is a a prime number?
False
Suppose -3*u + 4*q = 4454 - 16167, -3*u + 3*q + 11712 = 0. Let f = -2038 + u. Is f prime?
False
Suppose 9062653 + 2815346 = 111*x. Is x a prime number?
False
Let o(z) = -2*z + 2. Let x be o(-1). Suppose 0 = x*y - 8*y + 444. Suppose y = 5*k - 274. Is k a composite number?
True
Let y(k) = 53*k + 5. Let m be y(2). Suppose 0 = 3*b + 4*t - m, -t = -4*t. Is b prime?
True
Is 1 - (-4 - 12782/7) a composite number?
False
Is 44/(-462) + (-14536)/(-42) a composite number?
True
Is (554/(-6))/((-12)/252) composite?
True
Is -6 - (-1137 - 25 - (5 - -2)) a composite number?
False
Let w(i) = i**3 + 15*i**2 - 17*i - 4. Is w(-15) prime?
True
Let b(a) be the second derivative of -a**3/6 + 157*a**2/2 + 7*a. Suppose -4*x - 9 = 3*h, x + 4*h + 15 = -h. Is b(x) a composite number?
False
Let g(v) = -176*v**3 - 2*v**2 + 11*v - 5. Is g(-4) composite?
True
Let b(z) = 171*z**2 - 3*z + 5. Let r(h) = 512*h**2 - 9*h + 14. Let a(l) = -17*b(l) + 6*r(l). Is a(5) prime?
False
Is (0 + -30329)*(-174)/1131 prime?
False
Let h = 8 + 71. Suppose -3*y - r + 4 = 0, -2*y + r - 2*r = -4. Is y/(-9) + h + 0 composite?
False
Let k(s) = 26*s**2 - 8 - 17*s + 16 - 12. Is k(-15) prime?
True
Let d(k) = -k**2 - 9*k + 10. Let x be d(-10). Suppose -3*s + x*s = -9. Is (s/(-2))/((-3)/66) prime?
False
Let g(o) = o**3 + 9*o**2 - 6*o - 7. Let q be g(-10